96).
295
Let b(n) = 2*n**2 - 336*n + 3419. Calculate b(159).
557
Let c(o) = o**3 + 3*o**2 - 640*o - 4809. Calculate c(-8).
-9
Let t(z) = 26261*z + 157601. What is t(-6)?
35
Let b(o) = 28*o**3 - 49*o**2 - 1721*o - 24. Give b(-7).
18
Let p(s) = 5*s**3 - 66*s**2 + 14181*s - 199337. What is p(14)?
-19
Let m(p) = p**3 + 416*p**2 + 1502*p + 796. Give m(-3).
7
Let u(k) = -1164*k**2 - 17488*k - 24. Calculate u(-15).
396
Let s(z) = 2780*z + 16684. Give s(-6).
4
Let x(k) = -k**3 - 107*k**2 - 58*k - 395. What is x(-107)?
5811
Let w(y) = 39*y**2 + 180*y + 700. Determine w(-5).
775
Let i(w) = w**2 + 34136*w - 16791189. Determine i(485).
-4
Let v(u) = -6*u**2 - 362*u - 3727. Give v(-46).
229
Let a(c) = 6*c**2 - 364*c - 687. What is a(63)?
195
Let x(g) = 298577*g + 1791418. What is x(-6)?
-44
Let u(b) = -9*b**2 - 784*b - 6325. What is u(-9)?
2
Let k(z) = 141426*z - 2121388. What is k(15)?
2
Let g(b) = -21558*b - 193993. Determine g(-9).
29
Let j(f) = -68*f**3 + 542*f**2 + 2*f - 20. Determine j(8).
-132
Let g(f) = 1119*f**2 - 66*f - 64. Determine g(-1).
1121
Let x(k) = 16*k**3 - 114*k**2 - 31*k + 307. Give x(7).
-8
Let c(y) = y**2 - 100*y + 1962. Determine c(48).
-534
Let r(j) = -21*j**2 - 2121*j - 2184. What is r(-100)?
-84
Let k(y) = -2*y**3 + 30*y**2 - 173*y + 2589. Give k(15).
-6
Let w(k) = -5*k**2 + 158*k - 172. Calculate w(33).
-403
Let o(l) = -2*l**3 - 165*l**2 + 1517*l - 2731. Calculate o(-91).
-1
Let t(u) = -388*u**2 + 659*u - 16. Give t(3).
-1531
Let x(j) = -475*j - 17081. What is x(-36)?
19
Let l(v) = -41*v**2 - 1112*v - 2173. Determine l(-25).
2
Let p(f) = 1011*f + 27223. Give p(-27).
-74
Let m(f) = -87*f**3 - 4*f**2 + 60*f + 135. What is m(-2)?
695
Let n(v) = -330300*v - 1981947. What is n(-6)?
-147
Let z(c) = 49621*c - 148685. What is z(3)?
178
Let i(t) = 8*t**3 - 4042*t**2 + 1025*t - 7579. Give i(505).
-4
Let j(p) = -418*p - 2898. What is j(-7)?
28
Let k(h) = -344*h**2 + 8264*h + 50. Determine k(24).
242
Let j(l) = -3*l**2 - 1760*l - 17297. Determine j(-10).
3
Let r(o) = 63119*o + 2524763. Determine r(-40).
3
Let j(i) = -1609*i + 22458. Determine j(13).
1541
Let b(k) = 6*k**3 - 7*k - 373. Determine b(0).
-373
Let t(v) = -2*v**3 - 16*v**2 + 8*v + 343. Determine t(4).
-9
Let w(z) = -2*z**2 - 95*z + 137468. Give w(-287).
-5
Let g(i) = -5*i**3 + 22*i**2 + 4*i - 81. Determine g(2).
-25
Let b(a) = 2*a**2 + 108*a + 1216. Give b(-29).
-234
Let d(u) = -u**2 + 378*u + 16254. Calculate d(-39).
-9
Let b(c) = 38975*c + 312222. Give b(-8).
422
Let l(f) = f**3 + 100*f**2 - 306*f + 111. Determine l(-103).
-198
Let p(v) = -179*v**2 + 2517*v + 5. Give p(14).
159
Let q(t) = 4*t**3 + 78*t**2 - 690. What is q(-19)?
32
Let p(y) = 35*y**2 - 892*y + 32. Determine p(25).
-393
Let o(u) = u**3 - 205*u**2 + 1497*u - 21895. Calculate o(198).
83
Let h(w) = w**2 - 143*w - 14815. Calculate h(215).
665
Let o(l) = 2*l**2 - 6043*l + 10. Calculate o(0).
10
Let t(i) = -2*i**3 + 12*i**2 - 524*i + 1011. What is t(2)?
-5
Let g(a) = -3541*a - 20980. What is g(-6)?
266
Let b(h) = 2*h**2 + 685*h + 34599. What is b(-281)?
36
Let g(k) = -8317*k - 183501. Determine g(-22).
-527
Let u(z) = 24*z**2 - 3670*z - 626. Determine u(153).
-320
Let c(x) = -25*x**2 - 3231*x - 325. Determine c(-130).
-2795
Let d(m) = 164*m**3 + 1622*m**2 - 1623*m. Determine d(1).
163
Let g(x) = -713*x**2 - 7879*x + 7881. Give g(1).
-711
Let h(d) = -d**2 - 6473*d + 3771914. Give h(538).
-4
Let z(b) = 4*b**2 + 24146*b - 435920. Calculate z(18).
4
Let f(z) = -10*z**3 + 3*z**2 + 19*z + 15. Give f(-3).
255
Let t(r) = -r**3 - 313*r**2 + 2247*r - 61. Determine t(7).
-12
Let x(i) = -4337*i + 12994. Determine x(3).
-17
Let i(n) = -2*n**3 - 17*n**2 + 64*n. Give i(3).
-15
Let m(y) = 3*y**3 + 455*y**2 + 9207*y + 359. Give m(-24).
-1
Let u(d) = -553459*d - 7195034. Determine u(-13).
-67
Let b(x) = -103*x**2 + 8775*x - 10367. Determine b(84).
-35
Let l(b) = -577*b - 1712. Calculate l(-3).
19
Let l(m) = 8*m**3 + 19*m**2 - 33*m + 1. Give l(-5).
-359
Let a(p) = -4*p**3 - 19*p**2 - 19*p + 17. What is a(-3)?
11
Let s(u) = 2*u**3 - 956*u**2 + 67*u - 32004. Calculate s(478).
22
Let r(n) = 1163*n - 79071. What is r(68)?
13
Let m(q) = -q**2 - 19693*q - 373597. What is m(-19)?
209
Let r(x) = -16264*x - 6912198. Give r(-425).
2
Let n(u) = -269250*u - 63542994. Determine n(-236).
6
Let p(t) = -39830*t + 159279. Give p(4).
-41
Let o(n) = 39*n**2 - 236*n + 43. What is o(6)?
31
Let w(p) = 32*p**2 + 3936*p + 86. Give w(-123).
86
Let a(p) = -83*p**2 + 40*p + 101. Calculate a(2).
-151
Let r(k) = -12*k**2 + 22*k + 111. Determine r(-2).
19
Let n(k) = -2*k**3 - 44*k**2 + 3528*k + 77645. Determine n(-22).
29
Let x(d) = -2*d**3 + 268*d**2 - 2999*d + 401869. What is x(134)?
3
Let t(v) = -9047*v + 126629. Determine t(14).
-29
Let a(p) = -264967*p - 63062158. Determine a(-238).
-12
Let o(q) = -q**3 + 125*q**2 - 440*q + 23960. Determine o(123).
98
Let f(r) = r**2 + 96*r - 299. Determine f(-18).
-1703
Let l(w) = -905*w - 11517. Determine l(-12).
-657
Let b(f) = -1194*f + 10838. What is b(9)?
92
Let a(v) = 16*v**2 + 246*v + 2348. What is a(-9)?
1430
Let h(p) = 3618*p - 83382. Calculate h(23).
-168
Let d(l) = -l**2 - 347*l + 4339. What is d(12)?
31
Let x(q) = -q**3 + 62*q**2 - 394*q + 23. Calculate x(8).
327
Let u(c) = 17*c**2 - 623*c + 5313. Give u(14).
-77
Let f(i) = 524031*i + 8384501. Calculate f(-16).
5
Let x(p) = -142532*p + 712658. Give x(5).
-2
Let c(j) = 3837*j**2 + 30684*j - 137. Calculate c(-8).
-41
Let k(m) = 299*m**2 - 38*m - 45. What is k(-1)?
292
Let r(c) = c**3 + 68*c**2 - 81*c + 3933. Calculate r(-70).
-197
Let j(w) = -5*w**2 - 62*w + 421. Determine j(-23).
-798
Let f(w) = -3*w**2 - 111*w + 52372. What is f(-152)?
-68
Let c(h) = 3573*h - 1504577. Give c(421).
-344
Let x(m) = 84*m**2 - 2180*m - 8722. Calculate x(-4).
1342
Let m(c) = -2*c**2 + 317*c + 25463. Calculate m(213).
2246
Let m(s) = 2162*s**2 - 374*s + 362. Determine m(1).
2150
Let t(w) = -273*w**2 + 90*w - 47. What is t(2)?
-959
Let n(o) = -4*o**2 + 92*o + 37488. Calculate n(109).
-8
Let l(z) = -14*z**3 + 452*z**2 - 128*z + 12. Give l(32).
12
Let j(i) = -56*i**2 + 18851*i - 18844. What is j(1)?
-49
Let l(z) = -268*z - 119172. What is l(-443)?
-448
Let o(g) = -1474*g + 15435. Calculate o(11).
-779
Let a(r) = -r**2 - 447*r + 6526. Calculate a(-461).
72
Let u(b) = -3*b**3 + 49*b**2 + 68356*b + 280. Calculate u(-143).
-6
Let v(d) = 6467*d + 2166436. Give v(-335).
-9
Let p(n) = 12400*n - 49588. Give p(4).
12
Let x(j) = j**3 + 419*j**2 - 17865*j - 1382. Calculate x(-458).
-8
Let i(r) = 39*r**2 + 1956*r - 11. Give i(-51).
1672
Let p(u) = u**2 - 1712*u - 57615. Determine p(-33).
-30
Let n(o) = -138*o**2 + 6625*o - 40. Calculate n(48).
8
Let t(u) = -u**2 - 2828*u + 188046. Give t(65).
1
Let y(h) = -2*h**3 + 307*h**2 - 1060*h + 1412. Give y(150).
-88
Let r(m) = m**3 + 35*m**2 - 257*m - 25. What is r(7)?
234
Let r(d) = -18*d**3 + 106*d**2 - 364*d - 10. Determine r(4).
-922
Let i(p) = p**2 - 1927*p + 149515. Determine i(81).
-11
Let l(s) = -81*s**2 + 3441*s - 3442. Give l(1).
-82
Let r(m) = -2*m**3 + 780*m**2 - 54002*m + 136. Calculate r(90).
-44
Let r(y) = -y**3 - 47*y**2 + 991*y + 301. Give r(16).
29
Let p(b) = -3*b**2 + 4269*b + 4357100. Determine p(-688).
-4
Let z(k) = -307*k + 38966. Calculate z(127).
-23
Let x(q) = -270*q**3 - 5*q**2 + 32*q - 54. Calculate x(2).
-2170
Let v(r) = -15*r**3 + 25*r**2 + 80*r + 39. Determine v(-3).
429
Let k(t) = -11314*t - 45261. Calculate k(-4).
-5
Let t(u) = 3*u**3 - 927*u**2 + 929*u - 1462. Give t(308).
78
Let v(w) = 4716*w - 127351. Give v(27).
-19
Let s(y) = 57*y**3 - 15*y**2 - 1758*y - 1743. Calculate s(-1).
-57
Let b(d) = -33572*d - 235023. What is b(-7)?
-19
Let x(l) = -35225*l + 18. Determine x(0).
18
Let t(z) = 3*z**3 + 138*z**2 + 123*z - 1723. What is t(-44)?
4481
Let p(t) = -39*t**2 - 651*t - 1482. Determine p(-14).
-12
Let a(v) = v**3 - 47*v**2 + 47*v + 1057. Calculate a(45).
-878
Let x(r) = -46*r**2 - 422*r - 126. Give x(-5).
834
Let x(m) = 2*m**2 - 14901*m + 725357. Calculate x(49).
10
Let f(k) = 3*k**3 - 6*k**2 + 105*k - 489. What is f(5)?
261
Let x(s) = -134213*s - 671062. Give x(-5).
3
Let r(a) = 122*a**2 - 210*a - 823. What is r(-4)?
1969
Let n(d) = 2*d**3 - 62*d**2 - 1060*d - 346. Give n(-12).
-10
Let t(i) = -i**2 + 226*i - 5877. Calculat